{"id":6206,"date":"2026-04-09T00:29:19","date_gmt":"2026-04-09T03:29:19","guid":{"rendered":"https:\/\/marula.uy\/dental\/?page_id=6206"},"modified":"2026-04-15T10:56:49","modified_gmt":"2026-04-15T13:56:49","slug":"implantes-dentales","status":"publish","type":"page","link":"https:\/\/marula.uy\/dental\/implantes-dentales\/","title":{"rendered":"Implantes dentales"},"content":{"rendered":"<div class=\"wpb-content-wrapper\"><p>[vc_row full_width=\u00bbstretch_row_content_no_spaces\u00bb][vc_column][vc_single_image image=\u00bb6186&#8243; img_size=\u00bbfull\u00bb alignment=\u00bbcenter\u00bb css=\u00bb\u00bb][g5plus_space desktop=\u00bb40&#8243; tablet=\u00bb40&#8243; tablet_portrait=\u00bb40&#8243; mobile_landscape=\u00bb40&#8243; mobile=\u00bb40&#8243;][\/vc_column][\/vc_row][vc_row][vc_column width=\u00bb1\/6&#8243;][g5plus_space desktop=\u00bb20&#8243; tablet=\u00bb20&#8243; tablet_portrait=\u00bb20&#8243; mobile_landscape=\u00bb20&#8243; mobile=\u00bb20&#8243;][\/vc_column][vc_column width=\u00bb2\/3&#8243;][g5plus_heading title_size=\u00bb38&#8243; theme_fonts=\u00bb\u00bb google_fonts=\u00bbfont_family:Montserrat%3Aregular%2C700|font_style:700%20bold%20regular%3A700%3Anormal\u00bb sub_color=\u00bbaccent-color\u00bb underline=\u00bb\u00bb title=\u00bbImplantes dentales\u00bb css=\u00bb.vc_custom_1775705210797{margin-bottom: 20px !important;}\u00bb][vc_column_text css=\u00bb\u00bb]<strong>\u00bfPor qu\u00e9 colocarse un implante dental?<\/strong><br \/>\nEst\u00e1n dise\u00f1ados para brindar una soluci\u00f3n verdadera y definitiva ante la p\u00e9rdida de piezas dentales naturales.<br \/>\nAl integrarse al hueso los implantes dentales no corren riesgo de moverse o caerse durante el habla o la masticaci\u00f3n.<\/p>\n<p><strong>Ventajas de los implantes dentales:<\/strong><br \/>\nPueden mejorar su calidad de vida, aplicable para cualquier edad.<br \/>\nNo necesitan adhesivos, o sea son una soluci\u00f3n definitiva.<br \/>\nAyudan a preservar los contornos faciales naturales.<br \/>\nMejoran la masticaci\u00f3n y funcionamiento bucal.<br \/>\nPoseen la apariencia y sensaci\u00f3n de dientes naturales.<br \/>\nDevuelven la autoestima y confianza en s\u00ed mismo.<br \/>\nSon c\u00f3modos ya que se consigue una sensaci\u00f3n similar a la de los dientes naturales.<\/p>\n<p><strong>\u00bfCu\u00e1les son los pasos previos para la aplicaci\u00f3n de un implante?<\/strong><br \/>\nEvaluaci\u00f3n del estado general y salud oral.<br \/>\nDiagn\u00f3stico y plan de tratamiento.<br \/>\nToma de radiograf\u00edas.<br \/>\nEvaluaci\u00f3n de calidad y cantidad de hueso disponible.<br \/>\nUtilizaci\u00f3n de terapia analg\u00e9sica previa para hacer indolora la colocaci\u00f3n del implante.[\/vc_column_text][g5plus_space desktop=\u00bb90&#8243; tablet=\u00bb70&#8243; tablet_portrait=\u00bb60&#8243; mobile_landscape=\u00bb50&#8243; mobile=\u00bb40&#8243;][\/vc_column][vc_column width=\u00bb1\/6&#8243;][g5plus_space desktop=\u00bb20&#8243; tablet=\u00bb20&#8243; tablet_portrait=\u00bb20&#8243; mobile_landscape=\u00bb20&#8243; mobile=\u00bb20&#8243;][\/vc_column][\/vc_row]<\/p>\n<\/div>","protected":false},"excerpt":{"rendered":"<p>[vc_row full_width=\u00bbstretch_row_content_no_spaces\u00bb][vc_column][vc_single_image image=\u00bb6186&#8243; img_size=\u00bbfull\u00bb alignment=\u00bbcenter\u00bb css=\u00bb\u00bb][g5plus_space desktop=\u00bb40&#8243; tablet=\u00bb40&#8243; tablet_portrait=\u00bb40&#8243; mobile_landscape=\u00bb40&#8243; mobile=\u00bb40&#8243;][\/vc_column][\/vc_row][vc_row][vc_column width=\u00bb1\/6&#8243;][g5plus_space desktop=\u00bb20&#8243; tablet=\u00bb20&#8243; tablet_portrait=\u00bb20&#8243; mobile_landscape=\u00bb20&#8243; mobile=\u00bb20&#8243;][\/vc_column][vc_column width=\u00bb2\/3&#8243;][g5plus_heading title_size=\u00bb38&#8243; theme_fonts=\u00bb\u00bb google_fonts=\u00bbfont_family:Montserrat%3Aregular%2C700|font_style:700%20bold%20regular%3A700%3Anormal\u00bb sub_color=\u00bbaccent-color\u00bb underline=\u00bb\u00bb title=\u00bbImplantes dentales\u00bb css=\u00bb.vc_custom_1775705210797{margin-bottom: 20px !important;}\u00bb][vc_column_text css=\u00bb\u00bb]\u00bfPor qu\u00e9 colocarse un implante dental? Est\u00e1n dise\u00f1ados para brindar una soluci\u00f3n verdadera y definitiva ante la p\u00e9rdida de piezas dentales naturales. Al integrarse al hueso los [&hellip;]<\/p>\n","protected":false},"author":1,"featured_media":0,"parent":0,"menu_order":0,"comment_status":"closed","ping_status":"closed","template":"","meta":{"_joinchat":[],"footnotes":""},"class_list":["post-6206","page","type-page","status-publish","hentry"],"_links":{"self":[{"href":"https:\/\/marula.uy\/dental\/wp-json\/wp\/v2\/pages\/6206","targetHints":{"allow":["GET"]}}],"collection":[{"href":"https:\/\/marula.uy\/dental\/wp-json\/wp\/v2\/pages"}],"about":[{"href":"https:\/\/marula.uy\/dental\/wp-json\/wp\/v2\/types\/page"}],"author":[{"embeddable":true,"href":"https:\/\/marula.uy\/dental\/wp-json\/wp\/v2\/users\/1"}],"replies":[{"embeddable":true,"href":"https:\/\/marula.uy\/dental\/wp-json\/wp\/v2\/comments?post=6206"}],"version-history":[{"count":3,"href":"https:\/\/marula.uy\/dental\/wp-json\/wp\/v2\/pages\/6206\/revisions"}],"predecessor-version":[{"id":6208,"href":"https:\/\/marula.uy\/dental\/wp-json\/wp\/v2\/pages\/6206\/revisions\/6208"}],"wp:attachment":[{"href":"https:\/\/marula.uy\/dental\/wp-json\/wp\/v2\/media?parent=6206"}],"curies":[{"name":"wp","href":"https:\/\/api.w.org\/{rel}","templated":true}]}}